{"id":9591,"date":"2023-09-28T09:43:02","date_gmt":"2023-09-28T07:43:02","guid":{"rendered":"http:\/\/zavod-parnas.org\/w\/?page_id=9591"},"modified":"2025-01-17T07:53:45","modified_gmt":"2025-01-17T06:53:45","slug":"pot-modrega-blescavca","status":"publish","type":"page","link":"https:\/\/zavod-parnas.org\/w\/pot-modrega-blescavca\/","title":{"rendered":"POT MODREGA BLE\u0160\u010cAVCA"},"content":{"rendered":"\n<figure class=\"wp-block-image size-large\"><img fetchpriority=\"high\" decoding=\"async\" width=\"630\" height=\"371\" src=\"http:\/\/zavod-parnas.org\/w\/wp-content\/uploads\/2023\/09\/zemljevid-630x371.jpg\" alt=\"\" class=\"wp-image-9592\" srcset=\"https:\/\/zavod-parnas.org\/w\/wp-content\/uploads\/2023\/09\/zemljevid-630x371.jpg 630w, https:\/\/zavod-parnas.org\/w\/wp-content\/uploads\/2023\/09\/zemljevid-300x177.jpg 300w, https:\/\/zavod-parnas.org\/w\/wp-content\/uploads\/2023\/09\/zemljevid-252x148.jpg 252w, https:\/\/zavod-parnas.org\/w\/wp-content\/uploads\/2023\/09\/zemljevid.jpg 809w\" sizes=\"(max-width: 630px) 100vw, 630px\" \/><\/figure>\n\n\n\n<figure class=\"wp-block-image size-large\"><img decoding=\"async\" width=\"614\" height=\"112\" src=\"http:\/\/zavod-parnas.org\/w\/wp-content\/uploads\/2024\/01\/PMB-naslov.jpg\" alt=\"\" class=\"wp-image-9941\" srcset=\"https:\/\/zavod-parnas.org\/w\/wp-content\/uploads\/2024\/01\/PMB-naslov.jpg 614w, https:\/\/zavod-parnas.org\/w\/wp-content\/uploads\/2024\/01\/PMB-naslov-300x55.jpg 300w, https:\/\/zavod-parnas.org\/w\/wp-content\/uploads\/2024\/01\/PMB-naslov-252x46.jpg 252w\" sizes=\"(max-width: 614px) 100vw, 614px\" \/><\/figure>\n\n\n\n<p>Pot modrega ble\u0161\u010davca je urejena z namenom usmerjanja obiskovalcev po obmo\u010dju NATURA 2000 \u2013 Mi\u0161ja dolina, ki se pri\u010denja tik za Trubarjevo doma\u010dijo. Vodi s Trubarjeve doma\u010dije 1 km ob reki Ra\u0161ici navzgor, mimo mokrotnih travnikov in nizkih barij Velikega loga (SV del obmo\u010dja Natura 2000 Mi\u0161ja dolina). Namenjena je&nbsp;<strong>posameznikom<\/strong> in <strong>manj\u0161im skupinam<\/strong>, da la\u017eje razumejo delovanje mokrotnih travnikov in nizkih barij in jih povabi k njihovemu ohranjanju.<\/p>\n\n\n\n<p>Je&nbsp;<strong>lahka, kilometer dolga tematska pot<\/strong>&nbsp;v eno smer, ki je ozna\u010dena vzdol\u017e reke Ra\u0161ice. Primerna je za vse starosti, potrebujete pa primerno obutev. Obisk poti traja eno uro, lahko tudi ve\u010d. Za otro\u0161ke vozi\u010dke pot ni primerna.<\/p>\n\n\n\n<p><strong>Ime <\/strong>je dobila po <strong>ka\u010djem pastirju modrem ble\u0161\u010davcu<\/strong>, ki ga ni te\u017eko prepoznati po njegovih izrazito modrih krilih. Je zelo raz\u0161irjen, rad ima hladne potoke, jaj\u010deca odlaga med vodno rastlinje in korenine obre\u017enih dreves v vodo, ki je bogata s kisikom. <\/p>\n\n\n\n<p><strong>ZA\u010cETEK Poti modrega ble\u0161\u010davca<\/strong>:&nbsp;<\/p>\n\n\n\n<p>Uvodna infotabla je&nbsp;pri TIC Kozolec na Trubarjevi doma\u010diji, v katerem je <a href=\"https:\/\/zavod-parnas.org\/w\/info-sredisce-misja-dolina-natura-2000\/\"><strong>interpretacijski center Mi\u0161je doline<\/strong>  <\/a><br>Vstop v interpretacijski center je PROST.<br>Odpiralni \u010das: od aprila do oktobra (lahko tudi ve\u010d &#8211; glede na vreme) &#8211; <br>sob. in ned. od 10h do 17h oz. <a href=\"https:\/\/velikolaska.si\/slo\/tic\/\">po predhodnem dogovoru<\/a>.<\/p>\n\n\n\n<figure class=\"wp-block-image size-large\"><img decoding=\"async\" width=\"630\" height=\"130\" src=\"http:\/\/zavod-parnas.org\/w\/wp-content\/uploads\/2024\/01\/PMB-pravila-630x130.jpg\" alt=\"\" class=\"wp-image-9876\" srcset=\"https:\/\/zavod-parnas.org\/w\/wp-content\/uploads\/2024\/01\/PMB-pravila-630x130.jpg 630w, https:\/\/zavod-parnas.org\/w\/wp-content\/uploads\/2024\/01\/PMB-pravila-300x62.jpg 300w, https:\/\/zavod-parnas.org\/w\/wp-content\/uploads\/2024\/01\/PMB-pravila-252x52.jpg 252w, https:\/\/zavod-parnas.org\/w\/wp-content\/uploads\/2024\/01\/PMB-pravila.jpg 732w\" sizes=\"(max-width: 630px) 100vw, 630px\" \/><figcaption>Pomen znakov:<br>1.&nbsp;<em>QR koda usmerja na aplikacijo za pametni telefon ali tablico&nbsp;<strong><a href=\"https:\/\/zavod-parnas.org\/w\/app-misja-dolina-2go\/\">Mi\u0161ja dolina 2GO<\/a>&nbsp;<\/strong>\u2013 v kateri je na voljo ve\u010d virtualnih poti. Med njimi je tudi Kolesarska pot modrega ble\u0161\u010davca.<\/em><br><br><em>2.&nbsp;<strong>Izberi primerno obutev za na pot&nbsp;<\/strong>\u2013 (pohodne \u010devlje ali \u0161kornje) &#8211; saj vstopa\u0161 na mokri\u0161\u010de. Po ve\u010djih de\u017eevjih so deli poti lahko celo neprehodni.<\/em><br><br><em>3.&nbsp;<strong>Pot je primerna za raziskovanje<\/strong>&nbsp;\u2013 vendar pri tem ne po\u0161koduj drugih \u017eivih bitij.<\/em><br><br><em>4.&nbsp;<strong>Psi naj bodo na vrvici,<\/strong>&nbsp;da ne pla\u0161ijo \u017eivali.<\/em><br><br><em>5. Za hojo uporabljajte&nbsp;<strong>ozna\u010deno pot,&nbsp;<\/strong>ta vodi preko mokrotnih travnikov, ki jih kmetje 1x letno kosijo.<\/em> <br><br> Va\u0161 polo\u017eaj na poti lahko preverite na vsaki postaji \u2013 poglejte, kje se nahaja modri ble\u0161\u010davec.<\/figcaption><\/figure>\n\n\n\n<p>Sprehodimo se skozi Trubarjevo doma\u010dijo do Temkove \u017eage in nato \u010dez mosti\u010dek v jel\u0161ev log za mlinom, ter sledimo tlakovani poti. Pri objektu s sanitarijami je \u0161e en lesen mosti\u010dek, na katerem je <strong>kovinska skulptura modrega ble\u0161\u010davca<\/strong> (umetnik Aleksander Arhar). <br>Od tam \u017ee vidimo prvi leseni smerokaz z zeleno pu\u0161\u010dico, ki ka\u017ee ob potoku Ra\u0161ica navzgor. <\/p>\n\n\n\n<figure class=\"wp-block-image size-large\"><img loading=\"lazy\" decoding=\"async\" width=\"630\" height=\"473\" src=\"http:\/\/zavod-parnas.org\/w\/wp-content\/uploads\/2024\/07\/IMG_2979-630x473.jpg\" alt=\"\" class=\"wp-image-10361\" srcset=\"https:\/\/zavod-parnas.org\/w\/wp-content\/uploads\/2024\/07\/IMG_2979-630x473.jpg 630w, https:\/\/zavod-parnas.org\/w\/wp-content\/uploads\/2024\/07\/IMG_2979-300x225.jpg 300w, https:\/\/zavod-parnas.org\/w\/wp-content\/uploads\/2024\/07\/IMG_2979-252x189.jpg 252w, https:\/\/zavod-parnas.org\/w\/wp-content\/uploads\/2024\/07\/IMG_2979-1536x1152.jpg 1536w, https:\/\/zavod-parnas.org\/w\/wp-content\/uploads\/2024\/07\/IMG_2979.jpg 2016w\" sizes=\"(max-width: 630px) 100vw, 630px\" \/><\/figure>\n\n\n\n<p><\/p>\n\n\n\n<p>Sledimo ribi\u0161ki stezi in <strong>smerokazom z zeleno pu\u0161\u010dico<\/strong>. Ostanite na ozna\u010deni poti, da ne zagazite v blato. Bodite pozorni tudi na ob\u010dasne dodatne kovinske tablice s pojasnili o cveto\u010dih rastlinah. Po pribli\u017eno 400 metrih hoje, ves \u010das ob vodi, se poka\u017ee prva <strong>postaja<\/strong> s stebri\u010dkom in klopco. <\/p>\n\n\n\n<p>Pot poteka po obstoje\u010di ribi\u0161ki stezi in ima <strong>\u0161tiri postaje<\/strong>, na katerih so stebri\u010dki z interpretacijo in lesene klopce. <br><strong>1. Vse se vrti, vse je povezano<br>2. Ko \u010dlovek prisluhne naravi<br>3. MOKROTNI TRAVNIK je moj dom<br>4. Kje se skriva NIZKO BARJE<\/strong><\/p>\n\n\n\n<p><strong>Dol\u017eina poti: <\/strong>1000 m &#8211; v eno smer<\/p>\n\n\n\n<p><strong>Te\u017eavnost:<\/strong> lahka pot po obstoje\u010di ribi\u0161ki stezi<br>POZOR: po ve\u010djih de\u017eevjih so deli poti lahko neprehodni. Preko vodnih jarkov so urejeni <strong>pregazi<\/strong>.<\/p>\n\n\n\n<figure class=\"wp-block-image size-large\"><img loading=\"lazy\" decoding=\"async\" width=\"630\" height=\"840\" src=\"http:\/\/zavod-parnas.org\/w\/wp-content\/uploads\/2024\/07\/IMG_3012-630x840.jpg\" alt=\"\" class=\"wp-image-10363\" srcset=\"https:\/\/zavod-parnas.org\/w\/wp-content\/uploads\/2024\/07\/IMG_3012-630x840.jpg 630w, https:\/\/zavod-parnas.org\/w\/wp-content\/uploads\/2024\/07\/IMG_3012-225x300.jpg 225w, https:\/\/zavod-parnas.org\/w\/wp-content\/uploads\/2024\/07\/IMG_3012-252x336.jpg 252w, https:\/\/zavod-parnas.org\/w\/wp-content\/uploads\/2024\/07\/IMG_3012-1152x1536.jpg 1152w, https:\/\/zavod-parnas.org\/w\/wp-content\/uploads\/2024\/07\/IMG_3012-rotated.jpg 1512w\" sizes=\"(max-width: 630px) 100vw, 630px\" \/><\/figure>\n\n\n\n<p>Na koncu poti vas smerokaz usmerja nazaj po isti trasi. Pri to\u010dki 4 se lahko po ko\u0161enem delu sprehodite \u0161e \u010dez log, mimo nizkih barij in nazaj.<\/p>\n\n\n\n<p><strong>Ideje za nadgradnjo poti:<\/strong><\/p>\n\n\n\n<p>1. \u010ce izberete pomo\u017een krak poti na postaji 4, lahko v bli\u017eini opazite  izhod na lokalno cesto Ra\u0161ica-Rob. To je nekdanja SENENA POT, po kateri so grajski hlapci z logov vozili seno na Turjak. Priklju\u010duje se (nekdanji) U\u010dni gozdni poti Turjak-Ra\u0161ica in po njej lahko pohod na Turjak nadaljujete tudi vi. <\/p>\n\n\n\n<p>2. Na Trubarjevi doma\u010diji si lahko izposodite e-kolesa in se po <strong><a href=\"http:\/\/zavod-parnas.org\/w\/kolesarska-pot-modrega-blescavca\/\">Kolesarski poti modrega ble\u0161\u010davca<\/a><\/strong> z navodili v aplikaciji Mi\u0161ja dolina 2GO odpeljete  skozi samo osr\u010dje Mi\u0161je doline (vodi po lokalnih cestah in je dolga okrog 14 km).<\/p>\n\n\n\n<figure class=\"wp-block-image size-large\"><img loading=\"lazy\" decoding=\"async\" width=\"630\" height=\"473\" src=\"http:\/\/zavod-parnas.org\/w\/wp-content\/uploads\/2024\/07\/IMG_2989-1-630x473.jpg\" alt=\"\" class=\"wp-image-10364\" srcset=\"https:\/\/zavod-parnas.org\/w\/wp-content\/uploads\/2024\/07\/IMG_2989-1-630x473.jpg 630w, https:\/\/zavod-parnas.org\/w\/wp-content\/uploads\/2024\/07\/IMG_2989-1-300x225.jpg 300w, https:\/\/zavod-parnas.org\/w\/wp-content\/uploads\/2024\/07\/IMG_2989-1-252x189.jpg 252w, https:\/\/zavod-parnas.org\/w\/wp-content\/uploads\/2024\/07\/IMG_2989-1-1536x1152.jpg 1536w, https:\/\/zavod-parnas.org\/w\/wp-content\/uploads\/2024\/07\/IMG_2989-1.jpg 2016w\" sizes=\"(max-width: 630px) 100vw, 630px\" \/><\/figure>\n\n\n\n<p>UREDITEV POTI: <\/p>\n\n\n\n<p><em>Nalo\u017ebo sta sofinancirali Republika Slovenija in Evropska Unija iz Evropskega sklada za regionalni razvoj. <\/em>Vodilni partner projekta <a href=\"https:\/\/www.malabarja-marja.si\/\">Mala barja Marja<\/a> (2019-2023) je ZRSVN, Zavod Parnas je projektni partner, ki je sodeloval pri vsebinah in projektnih akcijah v Mi\u0161ji dolini. S TIC Kozolec, v katerem je int. center Mi\u0161ja dolina, upravlja Javni zavod Trubarjevi kraji.<\/p>\n","protected":false},"excerpt":{"rendered":"<p>Pot modrega ble\u0161\u010davca je urejena z namenom usmerjanja obiskovalcev po obmo\u010dju NATURA 2000 \u2013 Mi\u0161ja dolina, ki se pri\u010denja tik [&hellip;]<\/p>\n","protected":false},"author":2,"featured_media":0,"parent":0,"menu_order":0,"comment_status":"closed","ping_status":"closed","template":"","meta":{"site-sidebar-layout":"default","site-content-layout":"","ast-site-content-layout":"default","site-content-style":"default","site-sidebar-style":"default","ast-global-header-display":"","ast-banner-title-visibility":"","ast-main-header-display":"","ast-hfb-above-header-display":"","ast-hfb-below-header-display":"","ast-hfb-mobile-header-display":"","site-post-title":"","ast-breadcrumbs-content":"","ast-featured-img":"","footer-sml-layout":"","theme-transparent-header-meta":"","adv-header-id-meta":"","stick-header-meta":"","header-above-stick-meta":"","header-main-stick-meta":"","header-below-stick-meta":"","astra-migrate-meta-layouts":"default","ast-page-background-enabled":"default","ast-page-background-meta":{"desktop":{"background-color":"var(--ast-global-color-5)","background-image":"","background-repeat":"repeat","background-position":"center center","background-size":"auto","background-attachment":"scroll","background-type":"","background-media":"","overlay-type":"","overlay-color":"","overlay-opacity":"","overlay-gradient":""},"tablet":{"background-color":"","background-image":"","background-repeat":"repeat","background-position":"center center","background-size":"auto","background-attachment":"scroll","background-type":"","background-media":"","overlay-type":"","overlay-color":"","overlay-opacity":"","overlay-gradient":""},"mobile":{"background-color":"","background-image":"","background-repeat":"repeat","background-position":"center center","background-size":"auto","background-attachment":"scroll","background-type":"","background-media":"","overlay-type":"","overlay-color":"","overlay-opacity":"","overlay-gradient":""}},"ast-content-background-meta":{"desktop":{"background-color":"var(--ast-global-color-4)","background-image":"","background-repeat":"repeat","background-position":"center center","background-size":"auto","background-attachment":"scroll","background-type":"","background-media":"","overlay-type":"","overlay-color":"","overlay-opacity":"","overlay-gradient":""},"tablet":{"background-color":"var(--ast-global-color-4)","background-image":"","background-repeat":"repeat","background-position":"center center","background-size":"auto","background-attachment":"scroll","background-type":"","background-media":"","overlay-type":"","overlay-color":"","overlay-opacity":"","overlay-gradient":""},"mobile":{"background-color":"var(--ast-global-color-4)","background-image":"","background-repeat":"repeat","background-position":"center center","background-size":"auto","background-attachment":"scroll","background-type":"","background-media":"","overlay-type":"","overlay-color":"","overlay-opacity":"","overlay-gradient":""}},"footnotes":""},"class_list":["post-9591","page","type-page","status-publish","hentry"],"_links":{"self":[{"href":"https:\/\/zavod-parnas.org\/w\/wp-json\/wp\/v2\/pages\/9591","targetHints":{"allow":["GET"]}}],"collection":[{"href":"https:\/\/zavod-parnas.org\/w\/wp-json\/wp\/v2\/pages"}],"about":[{"href":"https:\/\/zavod-parnas.org\/w\/wp-json\/wp\/v2\/types\/page"}],"author":[{"embeddable":true,"href":"https:\/\/zavod-parnas.org\/w\/wp-json\/wp\/v2\/users\/2"}],"replies":[{"embeddable":true,"href":"https:\/\/zavod-parnas.org\/w\/wp-json\/wp\/v2\/comments?post=9591"}],"version-history":[{"count":24,"href":"https:\/\/zavod-parnas.org\/w\/wp-json\/wp\/v2\/pages\/9591\/revisions"}],"predecessor-version":[{"id":10809,"href":"https:\/\/zavod-parnas.org\/w\/wp-json\/wp\/v2\/pages\/9591\/revisions\/10809"}],"wp:attachment":[{"href":"https:\/\/zavod-parnas.org\/w\/wp-json\/wp\/v2\/media?parent=9591"}],"curies":[{"name":"wp","href":"https:\/\/api.w.org\/{rel}","templated":true}]}}