{"id":7183,"date":"2021-08-02T14:28:13","date_gmt":"2021-08-02T12:28:13","guid":{"rendered":"http:\/\/zavod-parnas.org\/w\/?page_id=7183"},"modified":"2025-08-07T17:03:42","modified_gmt":"2025-08-07T15:03:42","slug":"phototrails-1en","status":"publish","type":"page","link":"https:\/\/zavod-parnas.org\/w\/phototrails-1en\/","title":{"rendered":"INFO TO\u010cKA za pohodnike: Kozolec pod Kukmako"},"content":{"rendered":"\n<div class=\"wp-block-file alignright\"><a href=\"http:\/\/zavod-parnas.org\/w\/wp-content\/uploads\/2021\/08\/The_hayrack_at_Kukmaka_web.pdf\"><strong>The hayrack at Kukmaka<\/strong><\/a><a href=\"http:\/\/zavod-parnas.org\/w\/wp-content\/uploads\/2021\/08\/The_hayrack_at_Kukmaka_web.pdf\" class=\"wp-block-file__button wp-element-button\" download>ENG<\/a><\/div>\n\n\n\n<p><strong>Kozolec pod Kukmako<\/strong> stoji pod vasjo Kukmaka, le slabih 10 minut hoje s Trubarjeve doma\u010dije na Ra\u0161ici (v bli\u017eini lokalne ceste Kukmaka-Jaki\u010devo). <br><br>Dvojni kozolec ali toplar so lastniki na sedanjo lokacijo prestavili iz vasi Cesta v Dobrepolju, kjer so ga z nakupom re\u0161ili propada. Preuredili so ga za turisti\u010dne potrebe, slu\u017ei tudi kot <strong>INFO TO\u010cKA za pohodnike od Turjaka do Kolpe<\/strong>.<\/p>\n\n\n\n<figure class=\"wp-block-gallery has-nested-images columns-default is-cropped wp-block-gallery-1 is-layout-flex wp-block-gallery-is-layout-flex\">\n<figure class=\"wp-block-image size-large\"><img fetchpriority=\"high\" decoding=\"async\" width=\"630\" height=\"840\" data-id=\"11945\" src=\"https:\/\/zavod-parnas.org\/w\/wp-content\/uploads\/2025\/08\/kozolecMK2-630x840.jpg\" alt=\"\" class=\"wp-image-11945\" srcset=\"https:\/\/zavod-parnas.org\/w\/wp-content\/uploads\/2025\/08\/kozolecMK2-630x840.jpg 630w, https:\/\/zavod-parnas.org\/w\/wp-content\/uploads\/2025\/08\/kozolecMK2-225x300.jpg 225w, https:\/\/zavod-parnas.org\/w\/wp-content\/uploads\/2025\/08\/kozolecMK2-252x336.jpg 252w, https:\/\/zavod-parnas.org\/w\/wp-content\/uploads\/2025\/08\/kozolecMK2-1152x1536.jpg 1152w, https:\/\/zavod-parnas.org\/w\/wp-content\/uploads\/2025\/08\/kozolecMK2-1536x2048.jpg 1536w, https:\/\/zavod-parnas.org\/w\/wp-content\/uploads\/2025\/08\/kozolecMK2-scaled.jpg 1920w\" sizes=\"(max-width: 630px) 100vw, 630px\" \/><\/figure>\n\n\n\n<figure class=\"wp-block-image size-large\"><img decoding=\"async\" width=\"630\" height=\"782\" data-id=\"9067\" src=\"https:\/\/zavod-parnas.org\/w\/wp-content\/uploads\/2023\/01\/gumb-kozolec-630x782.jpg\" alt=\"\" class=\"wp-image-9067\" srcset=\"https:\/\/zavod-parnas.org\/w\/wp-content\/uploads\/2023\/01\/gumb-kozolec-630x782.jpg 630w, https:\/\/zavod-parnas.org\/w\/wp-content\/uploads\/2023\/01\/gumb-kozolec-242x300.jpg 242w, https:\/\/zavod-parnas.org\/w\/wp-content\/uploads\/2023\/01\/gumb-kozolec-252x313.jpg 252w, https:\/\/zavod-parnas.org\/w\/wp-content\/uploads\/2023\/01\/gumb-kozolec.jpg 680w\" sizes=\"(max-width: 630px) 100vw, 630px\" \/><\/figure>\n<\/figure>\n\n\n\n<h2 class=\"wp-block-heading\">Kozolci v dolini reke Ra\u0161ice <\/h2>\n\n\n\n<p>niso bili namenjeni le su\u0161enju sena, pa\u010d pa tudi <strong>su\u0161enju \u017eita<\/strong>, ki so ga kmetje pridelali na vi\u0161je le\u017ee\u010dih njivah. V dolini namre\u010d prevladujejo mokrotni travniki in nizka barja, \u017eito pa zaradi visoke zra\u010dne vlage ni uspevalo. V dolini reke Ra\u0161ice so delovali \u0161tevilni mlini (okrog 27 jih je bilo) &#8211; samo \u010dez hrib se je v zgornjem mlinu oz. mlinu pod Kukmako &#8211; rodil tudi eden najpomembnej\u0161ih Slovencev, Primo\u017e Trubar, v srednji ali Temkov mlin je danes urejen kot del Trubarjeve doma\u010dije, v prenovljenem kozolcu pa je center za naravo &#8211; Mi\u0161ja dolina. Zagotovo pa je vreden obiska tudi najstarej\u0161i datiran kozolec na Slovenskem (z letnico 1772) na Kaplanovem &#8211; zaselek Gri\u010d v osr\u010dju Mi\u0161je doline &#8211; Natura 2000 obmo\u010dje.<\/p>\n\n\n\n<h2 class=\"wp-block-heading\"><strong>Zbirka pod kozolcem: zrnje &#8211; moka &#8211; kruh <\/strong><\/h2>\n\n\n\n<p>Zbirka obiskovalca spomni na pomen lokalne samooskrbe. \u0160e znamo pridelati hrano doma, znamo zamesiti in spe\u010di kruh? Bi znali pre\u017eiveti?<br>Preko razstavljenih predmetov s kratkimi opisi njihove uporabe lahko sledimo vsem fazam na kmetiji, od priprave zemlje in pridelave \u017eita do peke kruha: <br>&#8211; priprava zemlje za setev, <br>&#8211; sejanje \u017eita, \u017eetev in metev, <br>&#8211; lo\u010devanje \u017eita od plev, <br>&#8211; shranjevanje \u017eita, <br>&#8211; odna\u0161anje \u017eita v mlin in <br>&#8211; peka kruha v kuhinji.<\/p>\n\n\n\n<p>Otroke pa tudi odrasle s kratkimi ugankami in reki Josipa Stritarja nagovarjata simpati\u010dni mi\u0161ki (v ilustracijah Marije Prelog). Zaboj za drva je postal skrinja za igra\u010de, mentrga skriva zgodbo o pti\u010dku z bo\u017ei\u010dnega kruha. Po dogovoru pod kozolcem za naro\u010dene skupine pripravijo tudi ustvarjalne delavnice ali degustacije. Ob\u010dasno pripravijo tr\u017enico idej in lokalnih proizvodov, saj na doma\u010diji sami pridelujejo \u017eita, v kratkem pa bodo pri\u010deli tudi z mletjem \u017eita v mlinu na kamne. <\/p>\n\n\n\n<figure class=\"wp-block-gallery has-nested-images columns-default is-cropped wp-block-gallery-2 is-layout-flex wp-block-gallery-is-layout-flex\">\n<figure class=\"wp-block-image size-large\"><img decoding=\"async\" width=\"630\" height=\"840\" data-id=\"11943\" src=\"https:\/\/zavod-parnas.org\/w\/wp-content\/uploads\/2025\/08\/kozolecMK4-630x840.jpg\" alt=\"\" class=\"wp-image-11943\" srcset=\"https:\/\/zavod-parnas.org\/w\/wp-content\/uploads\/2025\/08\/kozolecMK4-630x840.jpg 630w, https:\/\/zavod-parnas.org\/w\/wp-content\/uploads\/2025\/08\/kozolecMK4-225x300.jpg 225w, https:\/\/zavod-parnas.org\/w\/wp-content\/uploads\/2025\/08\/kozolecMK4-252x336.jpg 252w, https:\/\/zavod-parnas.org\/w\/wp-content\/uploads\/2025\/08\/kozolecMK4-1152x1536.jpg 1152w, https:\/\/zavod-parnas.org\/w\/wp-content\/uploads\/2025\/08\/kozolecMK4-1536x2048.jpg 1536w, https:\/\/zavod-parnas.org\/w\/wp-content\/uploads\/2025\/08\/kozolecMK4-scaled.jpg 1920w\" sizes=\"(max-width: 630px) 100vw, 630px\" \/><\/figure>\n\n\n\n<figure class=\"wp-block-image size-large\"><img loading=\"lazy\" decoding=\"async\" width=\"630\" height=\"840\" data-id=\"11944\" src=\"https:\/\/zavod-parnas.org\/w\/wp-content\/uploads\/2025\/08\/kozolecMK3-630x840.jpg\" alt=\"\" class=\"wp-image-11944\" srcset=\"https:\/\/zavod-parnas.org\/w\/wp-content\/uploads\/2025\/08\/kozolecMK3-630x840.jpg 630w, https:\/\/zavod-parnas.org\/w\/wp-content\/uploads\/2025\/08\/kozolecMK3-225x300.jpg 225w, https:\/\/zavod-parnas.org\/w\/wp-content\/uploads\/2025\/08\/kozolecMK3-252x336.jpg 252w, https:\/\/zavod-parnas.org\/w\/wp-content\/uploads\/2025\/08\/kozolecMK3-1152x1536.jpg 1152w, https:\/\/zavod-parnas.org\/w\/wp-content\/uploads\/2025\/08\/kozolecMK3-1536x2048.jpg 1536w, https:\/\/zavod-parnas.org\/w\/wp-content\/uploads\/2025\/08\/kozolecMK3-scaled.jpg 1920w\" sizes=\"(max-width: 630px) 100vw, 630px\" \/><\/figure>\n\n\n\n<figure class=\"wp-block-image size-large\"><img loading=\"lazy\" decoding=\"async\" width=\"630\" height=\"839\" data-id=\"11942\" src=\"https:\/\/zavod-parnas.org\/w\/wp-content\/uploads\/2025\/08\/kozolecMK1-630x839.jpg\" alt=\"\" class=\"wp-image-11942\" srcset=\"https:\/\/zavod-parnas.org\/w\/wp-content\/uploads\/2025\/08\/kozolecMK1-630x839.jpg 630w, https:\/\/zavod-parnas.org\/w\/wp-content\/uploads\/2025\/08\/kozolecMK1-225x300.jpg 225w, https:\/\/zavod-parnas.org\/w\/wp-content\/uploads\/2025\/08\/kozolecMK1-252x336.jpg 252w, https:\/\/zavod-parnas.org\/w\/wp-content\/uploads\/2025\/08\/kozolecMK1-1153x1536.jpg 1153w, https:\/\/zavod-parnas.org\/w\/wp-content\/uploads\/2025\/08\/kozolecMK1.jpg 1384w\" sizes=\"(max-width: 630px) 100vw, 630px\" \/><\/figure>\n<\/figure>\n\n\n\n<h2 class=\"wp-block-heading\"><strong>Ostala ponudba:<\/strong><\/h2>\n\n\n\n<p>Pod kozolcem je mogo\u010de najeti prostor za pogostitve in dru\u017eenja, <br>degustirati izdelke iz lokalne samooskrbe,<br>obiskati tr\u017enice idej in lokalnih proizvodov, <br>v pripravi pa je tudi mo\u017enost no\u010ditve na senu.<\/p>\n\n\n\n<p><\/p>\n\n\n\n<p>Info to\u010dko za pohodnike in zbirko sta lastnika uredila v projektu Zidovi in drevesa &#8211; LAS PPD v sodelovanju z Zavodom Parnas (2021). Obisk zbirke kme\u010dkega orodja: \u017dito-moka-kruh je mo\u017een po predhodnem dogovoru:<\/p>\n\n\n\n<h2 class=\"wp-block-heading\"><strong>Kontakt<\/strong> za najavo obiska:<\/h2>\n\n\n\n<p>Marta Kastelic &#8211; kastelic.marta@gmail.com, 041 338 458, ali Zavod PARNAS<\/p>\n\n\n\n<div class=\"wp-block-buttons is-layout-flex wp-block-buttons-is-layout-flex\">\n<div class=\"wp-block-button\"><a class=\"wp-block-button__link wp-element-button\" href=\"https:\/\/zavod-parnas.org\/w\/prijavnica\/\">Po\u0161lji povpra\u0161evanje na Zavod PARNAS<\/a><\/div>\n<\/div>\n\n\n\n<p>INFO to\u010dka za pohodnike &#8211; Kozolec pod Kukmako in zbirka sta bili urejeni v sodelovanju turisti\u010dnega ponudnika Bo\u0161tjan Kastelic s.p. (Marta in Bo\u0161tjan Kastelic) z Zavodom Parnas v projektu Zidovi in drevesa &#8211; LAS PPD (2021).<\/p>\n\n\n\n<div class=\"wp-block-file\"><a href=\"http:\/\/zavod-parnas.org\/w\/wp-content\/uploads\/2021\/08\/Kozolec_pod_Kukmako_web.pdf\">Kozolec_pod_Kukmako_web<\/a><a href=\"http:\/\/zavod-parnas.org\/w\/wp-content\/uploads\/2021\/08\/Kozolec_pod_Kukmako_web.pdf\" class=\"wp-block-file__button wp-element-button\" download>SLO<\/a><\/div>\n\n\n\n<p><\/p>\n","protected":false},"excerpt":{"rendered":"<p>Kozolec pod Kukmako stoji pod vasjo Kukmaka, le slabih 10 minut hoje s Trubarjeve doma\u010dije na Ra\u0161ici (v bli\u017eini lokalne [&hellip;]<\/p>\n","protected":false},"author":2,"featured_media":0,"parent":0,"menu_order":0,"comment_status":"closed","ping_status":"closed","template":"","meta":{"site-sidebar-layout":"default","site-content-layout":"","ast-site-content-layout":"default","site-content-style":"default","site-sidebar-style":"default","ast-global-header-display":"","ast-banner-title-visibility":"","ast-main-header-display":"","ast-hfb-above-header-display":"","ast-hfb-below-header-display":"","ast-hfb-mobile-header-display":"","site-post-title":"","ast-breadcrumbs-content":"","ast-featured-img":"","footer-sml-layout":"","theme-transparent-header-meta":"","adv-header-id-meta":"","stick-header-meta":"","header-above-stick-meta":"","header-main-stick-meta":"","header-below-stick-meta":"","astra-migrate-meta-layouts":"default","ast-page-background-enabled":"default","ast-page-background-meta":{"desktop":{"background-color":"var(--ast-global-color-5)","background-image":"","background-repeat":"repeat","background-position":"center center","background-size":"auto","background-attachment":"scroll","background-type":"","background-media":"","overlay-type":"","overlay-color":"","overlay-opacity":"","overlay-gradient":""},"tablet":{"background-color":"","background-image":"","background-repeat":"repeat","background-position":"center center","background-size":"auto","background-attachment":"scroll","background-type":"","background-media":"","overlay-type":"","overlay-color":"","overlay-opacity":"","overlay-gradient":""},"mobile":{"background-color":"","background-image":"","background-repeat":"repeat","background-position":"center center","background-size":"auto","background-attachment":"scroll","background-type":"","background-media":"","overlay-type":"","overlay-color":"","overlay-opacity":"","overlay-gradient":""}},"ast-content-background-meta":{"desktop":{"background-color":"var(--ast-global-color-4)","background-image":"","background-repeat":"repeat","background-position":"center center","background-size":"auto","background-attachment":"scroll","background-type":"","background-media":"","overlay-type":"","overlay-color":"","overlay-opacity":"","overlay-gradient":""},"tablet":{"background-color":"var(--ast-global-color-4)","background-image":"","background-repeat":"repeat","background-position":"center center","background-size":"auto","background-attachment":"scroll","background-type":"","background-media":"","overlay-type":"","overlay-color":"","overlay-opacity":"","overlay-gradient":""},"mobile":{"background-color":"var(--ast-global-color-4)","background-image":"","background-repeat":"repeat","background-position":"center center","background-size":"auto","background-attachment":"scroll","background-type":"","background-media":"","overlay-type":"","overlay-color":"","overlay-opacity":"","overlay-gradient":""}},"footnotes":""},"class_list":["post-7183","page","type-page","status-publish","hentry"],"_links":{"self":[{"href":"https:\/\/zavod-parnas.org\/w\/wp-json\/wp\/v2\/pages\/7183","targetHints":{"allow":["GET"]}}],"collection":[{"href":"https:\/\/zavod-parnas.org\/w\/wp-json\/wp\/v2\/pages"}],"about":[{"href":"https:\/\/zavod-parnas.org\/w\/wp-json\/wp\/v2\/types\/page"}],"author":[{"embeddable":true,"href":"https:\/\/zavod-parnas.org\/w\/wp-json\/wp\/v2\/users\/2"}],"replies":[{"embeddable":true,"href":"https:\/\/zavod-parnas.org\/w\/wp-json\/wp\/v2\/comments?post=7183"}],"version-history":[{"count":17,"href":"https:\/\/zavod-parnas.org\/w\/wp-json\/wp\/v2\/pages\/7183\/revisions"}],"predecessor-version":[{"id":11954,"href":"https:\/\/zavod-parnas.org\/w\/wp-json\/wp\/v2\/pages\/7183\/revisions\/11954"}],"wp:attachment":[{"href":"https:\/\/zavod-parnas.org\/w\/wp-json\/wp\/v2\/media?parent=7183"}],"curies":[{"name":"wp","href":"https:\/\/api.w.org\/{rel}","templated":true}]}}