{"id":613,"date":"2016-03-19T10:09:19","date_gmt":"2016-03-19T09:09:19","guid":{"rendered":"http:\/\/zavod-parnas.org\/w\/?page_id=613"},"modified":"2024-01-18T13:17:43","modified_gmt":"2024-01-18T12:17:43","slug":"javni-interes-na-podrocju-kulture","status":"publish","type":"page","link":"https:\/\/zavod-parnas.org\/w\/javni-interes-na-podrocju-kulture\/","title":{"rendered":"Delujemo v javnem interesu"},"content":{"rendered":"<p>Zavod PARNAS deluje v javnem interesu <b>na podro\u010dju KULTURE &#8211; VARSTVA KULTURNE DEDI\u0160\u010cINE,<\/b> status nam od leta 2009 podalj\u0161uje Ministrstvo za kulturo.<\/p>\n<p>Zato nam zavezanci za pla\u010dilo dohodnine lahko <strong>namenite 1 % va\u0161e dohodnine. <\/strong><b>Donacija je za vas brezpla\u010dna<\/b> &#8211; razlika je le v tem, da bo 1 % va\u0161e pla\u010dane dohodnine \u0161lo Zavodu PARNAS, in ne v dr\u017eavni prora\u010dun. Z donacijo boste omogo\u010dili, da kot nevladna organizacija la\u017eje delujemo na podro\u010dju varstva kulturne dedi\u0161\u010dine.<\/p>\n<p>Spodnji obrazec omogo\u010da elektronsko oddajo (CNVOS\u00a0 izjave enkrat mese\u010dno posreduje na FURS), lahko pa izjavo tudi izpolnite, natisnete, podpi\u0161ete in jo sami po\u0161ljete na FURS.<\/p>\n<p><iframe id=\"enprocent_iframe\" style=\"max-width: 100%;\" src=\"https:\/\/www.cnvos.si\/enprocent\/embed\/v2\/?address=GORNJE%20RETJE%203&amp;city=Velike%20La%C5%A1%C4%8De&amp;name=PARNAS%20ZAVOD%20ZA%20KULTURO%20IN%20TURIZEM%2C%20VELIKE%20LA%C5%A0%C4%8CE&amp;percent=1.0&amp;postalCode=1315&amp;taxNumber=80103081\" width=\"800\" height=\"600\" frameborder=\"0\"><\/iframe><script src=\"https:\/\/cdnjs.cloudflare.com\/ajax\/libs\/iframe-resizer\/4.3.2\/iframeResizer.min.js\"><\/script><script>iFrameResize({checkOrigin:false},'#enprocent_iframe');<\/script><\/p>\n<p>Pri vnosu se podatki pretvorijo v pdf dokument.<\/p>\n<h3>\u010ce po\u0161iljate po navadni po\u0161ti<\/h3>\n<p>&#8211; izpolnite\u00a0 obrazec (Ni\u010d vas ne stane, \u010de ste dobrodelni) &#8211; vpi\u0161ite va\u0161e podatke, va\u0161o dav\u010dno \u0161tevilko<br \/>\n&#8211; nato izjavo natisnite ter podpi\u0161ite in<br \/>\n&#8211; jo po\u0161ljite po navadni po\u0161ti na naslov FURS, ki se vam izpi\u0161e v obrazcu.<\/p>\n<h3>Zakaj lahko to storite?<\/h3>\n<p>Zavod PARNAS, ustanovljen 2000, od leta 2009 deluje <strong>v javnem interesu na podro\u010dju kulture &#8211; varstvo kulturne dedi\u0161\u010dine. <\/strong>Ta\u00a0status vsako leto uspe\u0161no podalj\u0161amo pri <strong>Ministrstvu za kulturo<\/strong>. V javni interes na podro\u010dju kulture sodijo:<\/p>\n<ul>\n<li>aktivnosti <strong>ohranjanja\u00a0nesnovne dedi\u0161\u010dine<\/strong>\u00a0<strong>Priprava poprtnikov<\/strong>\u00a0\u00a0(v sodelovanju s Koordinatorjem varstva nesnovne dedi\u0161\u010dine)<\/li>\n<li><strong>knjigove\u0161ke delavnice<\/strong> in ostali avtorski programi\u00a0<strong>na Trubarjevi doma\u010diji,<\/strong> po \u0161olah in knji\u017enicah<\/li>\n<li><strong>delovanje dedi\u0161\u010dinske skupnosti<\/strong>\u00a0(upravljanje Geolo\u0161ke poti v Kobilji curek, interpretacija \u00a0Mi\u0161je doline, Mladi Parnas, \u0161tudijski kro\u017eki, &#8230;)<\/li>\n<li>drugi Parnasovi projekti varovanja in ohranjanja kulturne in naravne dedi\u0161\u010dine<\/li>\n<\/ul>\n<p>Ve\u010d o tem, kako NVO lahko pridobijo ta status najdete v <a href=\"http:\/\/www.uradni-list.si\/1\/objava.jsp?urlid=200836&amp;stevilka=1466\" target=\"_blank\" rel=\"noopener noreferrer\">Pravilniku<\/a>.<\/p>\n<h3>Hvala, ker nas podpirate!<\/h3>\n","protected":false},"excerpt":{"rendered":"<p>Zavod PARNAS deluje v javnem interesu na podro\u010dju KULTURE &#8211; VARSTVA KULTURNE DEDI\u0160\u010cINE, status nam od leta 2009 podalj\u0161uje Ministrstvo [&hellip;]<\/p>\n","protected":false},"author":2,"featured_media":0,"parent":0,"menu_order":0,"comment_status":"closed","ping_status":"closed","template":"","meta":{"site-sidebar-layout":"default","site-content-layout":"","ast-site-content-layout":"default","site-content-style":"default","site-sidebar-style":"default","ast-global-header-display":"","ast-banner-title-visibility":"","ast-main-header-display":"","ast-hfb-above-header-display":"","ast-hfb-below-header-display":"","ast-hfb-mobile-header-display":"","site-post-title":"","ast-breadcrumbs-content":"","ast-featured-img":"","footer-sml-layout":"","theme-transparent-header-meta":"","adv-header-id-meta":"","stick-header-meta":"","header-above-stick-meta":"","header-main-stick-meta":"","header-below-stick-meta":"","astra-migrate-meta-layouts":"default","ast-page-background-enabled":"default","ast-page-background-meta":{"desktop":{"background-color":"var(--ast-global-color-5)","background-image":"","background-repeat":"repeat","background-position":"center center","background-size":"auto","background-attachment":"scroll","background-type":"","background-media":"","overlay-type":"","overlay-color":"","overlay-opacity":"","overlay-gradient":""},"tablet":{"background-color":"","background-image":"","background-repeat":"repeat","background-position":"center center","background-size":"auto","background-attachment":"scroll","background-type":"","background-media":"","overlay-type":"","overlay-color":"","overlay-opacity":"","overlay-gradient":""},"mobile":{"background-color":"","background-image":"","background-repeat":"repeat","background-position":"center center","background-size":"auto","background-attachment":"scroll","background-type":"","background-media":"","overlay-type":"","overlay-color":"","overlay-opacity":"","overlay-gradient":""}},"ast-content-background-meta":{"desktop":{"background-color":"var(--ast-global-color-4)","background-image":"","background-repeat":"repeat","background-position":"center center","background-size":"auto","background-attachment":"scroll","background-type":"","background-media":"","overlay-type":"","overlay-color":"","overlay-opacity":"","overlay-gradient":""},"tablet":{"background-color":"var(--ast-global-color-4)","background-image":"","background-repeat":"repeat","background-position":"center center","background-size":"auto","background-attachment":"scroll","background-type":"","background-media":"","overlay-type":"","overlay-color":"","overlay-opacity":"","overlay-gradient":""},"mobile":{"background-color":"var(--ast-global-color-4)","background-image":"","background-repeat":"repeat","background-position":"center center","background-size":"auto","background-attachment":"scroll","background-type":"","background-media":"","overlay-type":"","overlay-color":"","overlay-opacity":"","overlay-gradient":""}},"footnotes":""},"class_list":["post-613","page","type-page","status-publish","hentry"],"_links":{"self":[{"href":"https:\/\/zavod-parnas.org\/w\/wp-json\/wp\/v2\/pages\/613","targetHints":{"allow":["GET"]}}],"collection":[{"href":"https:\/\/zavod-parnas.org\/w\/wp-json\/wp\/v2\/pages"}],"about":[{"href":"https:\/\/zavod-parnas.org\/w\/wp-json\/wp\/v2\/types\/page"}],"author":[{"embeddable":true,"href":"https:\/\/zavod-parnas.org\/w\/wp-json\/wp\/v2\/users\/2"}],"replies":[{"embeddable":true,"href":"https:\/\/zavod-parnas.org\/w\/wp-json\/wp\/v2\/comments?post=613"}],"version-history":[{"count":31,"href":"https:\/\/zavod-parnas.org\/w\/wp-json\/wp\/v2\/pages\/613\/revisions"}],"predecessor-version":[{"id":12051,"href":"https:\/\/zavod-parnas.org\/w\/wp-json\/wp\/v2\/pages\/613\/revisions\/12051"}],"wp:attachment":[{"href":"https:\/\/zavod-parnas.org\/w\/wp-json\/wp\/v2\/media?parent=613"}],"curies":[{"name":"wp","href":"https:\/\/api.w.org\/{rel}","templated":true}]}}