{"id":568,"date":"2016-03-19T10:09:16","date_gmt":"2016-03-19T09:09:16","guid":{"rendered":"http:\/\/zavod-parnas.org\/w\/?page_id=568"},"modified":"2026-01-11T09:37:11","modified_gmt":"2026-01-11T08:37:11","slug":"po-sledovih-andreja-turjaskega-2009","status":"publish","type":"page","link":"https:\/\/zavod-parnas.org\/w\/projekti-2000-2015\/po-sledovih-andreja-turjaskega-2009\/","title":{"rendered":"Po sledovih Andreja Turja\u0161kega (2009)"},"content":{"rendered":"<p>Naslov projekta: \u00a0PO SLEDOVIH ANDREJA TURJA\u0160KEGA<\/p>\n<p>Vrednost projekta (2009): 4.500 EUR<br \/>\nSofinanciranje:\u00a0Ministrstvo za kulturo 3000 EUR,\u00a0Ob\u010dina \u017du\u017eemberk 1500 EUR,\u00a0Ob\u010dina Velike La\u0161\u010de 72,40 EUR<\/p>\n<p>Vsebina:<br \/>\n<b>Zgodovinska RAZSTAVA<br \/>\nPo sledovih Andreja Turja\u0161kega (avtorica Barbara \u017dnidar\u0161i\u010d)<\/b><br \/>\n&#8211; pripravo zgodovinske razstave na petih samostoje\u010dih panojih (2 x 1 m)<br \/>\n&#8211; pridobitev gradiva<br \/>\n&#8211; oblikovanje panojev (ma3ca)<br \/>\n&#8211; izdelava panojev (Infokart)<\/p>\n<p><b>Gostovanja razstave:<\/b><br \/>\n&#8211; Potujo\u010da razstava: Karlovac &#8211; grad Dubovac (29.-30. maja 2009), grad Turjak (17.6.-1.9.2009), Ministrstvo za obrambo (okt-nov 2009)<br \/>\n&#8211; Stalna razstava (financirala Ob\u010dina \u017du\u017eemberk): grad \u017du\u017eemberk od 1.7. dalje<br \/>\n&#8211; Stalna razstava (sofinanciranje Infokart d.o.o. + lokalni sponzorji &#8211; Krovstvo Ciril Bobek, Gostilna Murn, Knut d.o.o. , Ob\u010dina Velike La\u0161\u010de + 80 prostovoljnih ur za ureditev notranjosti &#8211; TD Turjak, skavti Turjak, dru\u017eina Du\u0161\u010dak, Zavod Parnas ) &#8211; zvonik cerkve sv. Ahca na Gori<\/p>\n<p><b>KATALOG k razstavi Po sledovih Andreja Turja\u0161kega<\/b><br \/>\n(A5 format, 40 strani, 500 izvodov, s prevodom v an. in hr. jezik)<br \/>\n&#8211; priprava vsebine<br \/>\n&#8211; priprava fotografij<br \/>\n&#8211; lektoriranje<br \/>\n&#8211; prevodi v ang. in hrv.<br \/>\n&#8211; oblikovanje<br \/>\n&#8211; tisk kataloga<br \/>\n&#8211; predstavitev kataloga (ob otvoritvi stalne razstave na gradu \u017du\u017eemberk)<\/p>\n<p><b>PREDAVANJE Po sledovih Andreja Turja\u0161kega (Barbara \u017dnidar\u0161i\u010d)<\/b><br \/>\n&#8211; v okviru Turja\u0161kih dni na gradu Turjak, skuapj z otvoritvijo potujo\u010de razstave na gradu Turjak (skupaj z izdelki otrok vrtca Son\u010dni \u017earek &#8211; enota Turjak)<br \/>\n&#8211; priprava prezentacije (Barbara \u017dnidar\u0161i\u010d)<br \/>\n&#8211; priprava vabil in plakatov<\/p>\n<p><b>Izobra\u017eevalni program za individualne obiskovalce in dru\u017eine z otroki:<br \/>\n<\/b>&#8211; vklju\u010ditev vsebin razstave Andreja Turja\u0161kega v program za individualne obiskovalce &#8211; Po utrdbah 16. stoletja &#8211; vse nedelje v juliju in avgustu<br \/>\n&#8211; akcijo spodbudil zavod Parnas v sodelovanju z Javnim zavodom Trubarjevi kraji in TIC Grosuplje (sodelovali s ponudbo in sofinacirali tudi Narodni muzej Slovenije (\u0160tudijske zbirke uporabnih umetnosti na lokaciji Metelkova, Dru\u0161tvo za ohranjanje dedi\u0161\u010dine Grade\u017e &#8211; s su\u0161ilnico sadja ter Keramika Katarina),<br \/>\n&#8211; zagotovitev de\u017eurstva in vodenja po razstavi na Ahcu (cerkev, zvonik) &#8211; prostovoljci zavoda Parnas<br \/>\n&#8211; soorganizacija delavnic in zagotovitev dvournega de\u017eurstva vsako nedeljo za izvedbo delavnic Poletje na gradu na gradu Turjak &#8211; raziskovanje z duhcem Herbartom po razstavi Po sledovih Andreja Turja\u0161kega, streljanje s katapultom na grad, knjigove\u0161ka delavnica)<\/p>\n<p><b>Predvideno nadaljevanje projekta v letu 2010:<\/b><\/p>\n<p><b>FILM Po sledovih Andreja Turja\u0161kega<\/b><br \/>\n&#8211; vklju\u010devanje razli\u010dnih interpretatorjev kulturne dedi\u0161\u010dine iz Slovenije in tujine (javni in zasebni sektor)<br \/>\n&#8211; priprava posnetkov (12 snemalni h dnevov, potni stro\u0161ki)<br \/>\n&#8211; priprava scenarija in besedila<br \/>\n&#8211; groba monta\u017ea<br \/>\n&#8211; fina monta\u017ea<br \/>\n&#8211; promocija filma in predstavitev (predvideno v novembru 2009 ob mednarodnem sre\u010danju vseh sodelujo\u010dih na gradu Turjak &#8211; po otvoritvi razstave na Ministrstvu za obrambo)<\/p>\n<p><b>Organizacija mednarodnega sre\u010danja sodelavcev pri projektu pod pokroviteljstvom Ob\u010dine Velike La\u0161\u010de<\/b><br \/>\n&#8211; otvoritev potujo\u010de razstave na Ministrstvu za obrambo z nagovorom ministrice za obrambo Ljubice Jelu\u0161i\u010d<br \/>\n&#8211; predstavitev filma Nika Samse Po sledovih Andreja Turja\u0161kega na gradu Turjak<br \/>\n&#8211; kratke predstavitev posameznih sodelavcev v projektu (Dru\u0161tvo svetog Mihovila Karlovac, Gradski muzej Sisak, Narodni muzej Slovenije, Zavod za varstvo kulturne dedi\u0161\u010dine, Javni zavod Trubarjevi kraji, Ob\u010dina \u017du\u017eemberk, Zavod Svitar, Zavod Parnas)<br \/>\n&#8211; medijska promocija projekta interpretacije dedi\u0161\u010dine<br \/>\n&#8211; sodelovanje na\u0161ih interpretatorjev dedi\u0161\u010dine na Sejmu vlastelinstva v Karlovcu, na gradu \u017du\u017eemberk, v Sisku in obratno (v sklopu Turja\u0161kih dnevov) -podpora Slovenski mre\u017ei za interpretacijo dedi\u0161\u010dine &#8211; podpora v okviru razpisov za kulturo<\/p>\n<p>&nbsp;<\/p>\n\n\n<p><\/p>\n","protected":false},"excerpt":{"rendered":"<p>Naslov projekta: \u00a0PO SLEDOVIH ANDREJA TURJA\u0160KEGA Vrednost projekta (2009): 4.500 EUR Sofinanciranje:\u00a0Ministrstvo za kulturo 3000 EUR,\u00a0Ob\u010dina \u017du\u017eemberk 1500 EUR,\u00a0Ob\u010dina Velike [&hellip;]<\/p>\n","protected":false},"author":2,"featured_media":0,"parent":641,"menu_order":0,"comment_status":"closed","ping_status":"closed","template":"","meta":{"site-sidebar-layout":"default","site-content-layout":"","ast-site-content-layout":"default","site-content-style":"default","site-sidebar-style":"default","ast-global-header-display":"","ast-banner-title-visibility":"","ast-main-header-display":"","ast-hfb-above-header-display":"","ast-hfb-below-header-display":"","ast-hfb-mobile-header-display":"","site-post-title":"","ast-breadcrumbs-content":"","ast-featured-img":"","footer-sml-layout":"","theme-transparent-header-meta":"","adv-header-id-meta":"","stick-header-meta":"","header-above-stick-meta":"","header-main-stick-meta":"","header-below-stick-meta":"","astra-migrate-meta-layouts":"default","ast-page-background-enabled":"default","ast-page-background-meta":{"desktop":{"background-color":"var(--ast-global-color-5)","background-image":"","background-repeat":"repeat","background-position":"center center","background-size":"auto","background-attachment":"scroll","background-type":"","background-media":"","overlay-type":"","overlay-color":"","overlay-opacity":"","overlay-gradient":""},"tablet":{"background-color":"","background-image":"","background-repeat":"repeat","background-position":"center center","background-size":"auto","background-attachment":"scroll","background-type":"","background-media":"","overlay-type":"","overlay-color":"","overlay-opacity":"","overlay-gradient":""},"mobile":{"background-color":"","background-image":"","background-repeat":"repeat","background-position":"center center","background-size":"auto","background-attachment":"scroll","background-type":"","background-media":"","overlay-type":"","overlay-color":"","overlay-opacity":"","overlay-gradient":""}},"ast-content-background-meta":{"desktop":{"background-color":"var(--ast-global-color-4)","background-image":"","background-repeat":"repeat","background-position":"center center","background-size":"auto","background-attachment":"scroll","background-type":"","background-media":"","overlay-type":"","overlay-color":"","overlay-opacity":"","overlay-gradient":""},"tablet":{"background-color":"var(--ast-global-color-4)","background-image":"","background-repeat":"repeat","background-position":"center center","background-size":"auto","background-attachment":"scroll","background-type":"","background-media":"","overlay-type":"","overlay-color":"","overlay-opacity":"","overlay-gradient":""},"mobile":{"background-color":"var(--ast-global-color-4)","background-image":"","background-repeat":"repeat","background-position":"center center","background-size":"auto","background-attachment":"scroll","background-type":"","background-media":"","overlay-type":"","overlay-color":"","overlay-opacity":"","overlay-gradient":""}},"footnotes":""},"class_list":["post-568","page","type-page","status-publish","hentry"],"_links":{"self":[{"href":"https:\/\/zavod-parnas.org\/w\/wp-json\/wp\/v2\/pages\/568","targetHints":{"allow":["GET"]}}],"collection":[{"href":"https:\/\/zavod-parnas.org\/w\/wp-json\/wp\/v2\/pages"}],"about":[{"href":"https:\/\/zavod-parnas.org\/w\/wp-json\/wp\/v2\/types\/page"}],"author":[{"embeddable":true,"href":"https:\/\/zavod-parnas.org\/w\/wp-json\/wp\/v2\/users\/2"}],"replies":[{"embeddable":true,"href":"https:\/\/zavod-parnas.org\/w\/wp-json\/wp\/v2\/comments?post=568"}],"version-history":[{"count":2,"href":"https:\/\/zavod-parnas.org\/w\/wp-json\/wp\/v2\/pages\/568\/revisions"}],"predecessor-version":[{"id":12556,"href":"https:\/\/zavod-parnas.org\/w\/wp-json\/wp\/v2\/pages\/568\/revisions\/12556"}],"up":[{"embeddable":true,"href":"https:\/\/zavod-parnas.org\/w\/wp-json\/wp\/v2\/pages\/641"}],"wp:attachment":[{"href":"https:\/\/zavod-parnas.org\/w\/wp-json\/wp\/v2\/media?parent=568"}],"curies":[{"name":"wp","href":"https:\/\/api.w.org\/{rel}","templated":true}]}}