{"id":580,"date":"2016-03-19T10:09:16","date_gmt":"2016-03-19T09:09:16","guid":{"rendered":"http:\/\/zavod-parnas.org\/w\/?page_id=580"},"modified":"2019-08-06T11:28:55","modified_gmt":"2019-08-06T09:28:55","slug":"temkova-zaga","status":"publish","type":"page","link":"http:\/\/zavod-parnas.org\/w\/zaloznistvo\/temkova-zaga\/","title":{"rendered":"Temkova \u017eaga"},"content":{"rendered":"<h3>Zlo\u017eenka: TEMKOVA \u017dAGA\u00a0<span style=\"font-size: 0.8em;\">Trubarjeva doma\u010dija (<\/span>2003)<\/h3>\n<p>Izdal: Parnas, zavod za kulturo in turizem Velike La\u0161\u010de.\u00a0Sofinanciranje: Ministrstvo za kulturo (Varovanje ogro\u017eene kulturne dedi\u0161\u010dine). Vsebina: Andrej Perhaj.\u00a0Fotografije: Metka Stari\u010d in arhiv Trubarjeve doma\u010dije.\u00a0Oblikovanje: avenija.si, d.o.o.<\/p>\n<div id='gallery-1' class='gallery galleryid-580 gallery-columns-4 gallery-size-medium'><figure class='gallery-item'>\n\t\t\t<div class='gallery-icon portrait'>\n\t\t\t\t<a href='http:\/\/zavod-parnas.org\/w\/wp-content\/uploads\/2016\/03\/zaga2.jpg' title=\"\" data-rl_title=\"\" class=\"rl-gallery-link\" data-rl_caption=\"\" data-rel=\"lightbox-gallery-1\"><img decoding=\"async\" width=\"137\" height=\"300\" src=\"http:\/\/zavod-parnas.org\/w\/wp-content\/uploads\/2016\/03\/zaga2-137x300.jpg\" class=\"attachment-medium size-medium\" alt=\"\" srcset=\"http:\/\/zavod-parnas.org\/w\/wp-content\/uploads\/2016\/03\/zaga2-137x300.jpg 137w, http:\/\/zavod-parnas.org\/w\/wp-content\/uploads\/2016\/03\/zaga2-252x550.jpg 252w, http:\/\/zavod-parnas.org\/w\/wp-content\/uploads\/2016\/03\/zaga2.jpg 293w\" sizes=\"(max-width: 137px) 100vw, 137px\" \/><\/a>\n\t\t\t<\/div><\/figure><figure class='gallery-item'>\n\t\t\t<div class='gallery-icon portrait'>\n\t\t\t\t<a href='http:\/\/zavod-parnas.org\/w\/wp-content\/uploads\/2016\/03\/zaga3.jpg' title=\"\" data-rl_title=\"\" class=\"rl-gallery-link\" data-rl_caption=\"\" data-rel=\"lightbox-gallery-1\"><img decoding=\"async\" width=\"137\" height=\"300\" src=\"http:\/\/zavod-parnas.org\/w\/wp-content\/uploads\/2016\/03\/zaga3-137x300.jpg\" class=\"attachment-medium size-medium\" alt=\"\" srcset=\"http:\/\/zavod-parnas.org\/w\/wp-content\/uploads\/2016\/03\/zaga3-137x300.jpg 137w, http:\/\/zavod-parnas.org\/w\/wp-content\/uploads\/2016\/03\/zaga3-252x552.jpg 252w, http:\/\/zavod-parnas.org\/w\/wp-content\/uploads\/2016\/03\/zaga3.jpg 292w\" sizes=\"(max-width: 137px) 100vw, 137px\" \/><\/a>\n\t\t\t<\/div><\/figure><figure class='gallery-item'>\n\t\t\t<div class='gallery-icon portrait'>\n\t\t\t\t<a href='http:\/\/zavod-parnas.org\/w\/wp-content\/uploads\/2016\/03\/zaga4.jpg' title=\"\" data-rl_title=\"\" class=\"rl-gallery-link\" data-rl_caption=\"\" data-rel=\"lightbox-gallery-1\"><img decoding=\"async\" width=\"143\" height=\"300\" src=\"http:\/\/zavod-parnas.org\/w\/wp-content\/uploads\/2016\/03\/zaga4-143x300.jpg\" class=\"attachment-medium size-medium\" alt=\"\" srcset=\"http:\/\/zavod-parnas.org\/w\/wp-content\/uploads\/2016\/03\/zaga4-143x300.jpg 143w, http:\/\/zavod-parnas.org\/w\/wp-content\/uploads\/2016\/03\/zaga4-252x527.jpg 252w, http:\/\/zavod-parnas.org\/w\/wp-content\/uploads\/2016\/03\/zaga4.jpg 306w\" sizes=\"(max-width: 143px) 100vw, 143px\" \/><\/a>\n\t\t\t<\/div><\/figure><figure class='gallery-item'>\n\t\t\t<div class='gallery-icon portrait'>\n\t\t\t\t<a href='http:\/\/zavod-parnas.org\/w\/wp-content\/uploads\/2016\/03\/zaga5.jpg' title=\"\" data-rl_title=\"\" class=\"rl-gallery-link\" data-rl_caption=\"\" data-rel=\"lightbox-gallery-1\"><img loading=\"lazy\" decoding=\"async\" width=\"131\" height=\"300\" src=\"http:\/\/zavod-parnas.org\/w\/wp-content\/uploads\/2016\/03\/zaga5-131x300.jpg\" class=\"attachment-medium size-medium\" alt=\"\" srcset=\"http:\/\/zavod-parnas.org\/w\/wp-content\/uploads\/2016\/03\/zaga5-131x300.jpg 131w, http:\/\/zavod-parnas.org\/w\/wp-content\/uploads\/2016\/03\/zaga5-252x576.jpg 252w, http:\/\/zavod-parnas.org\/w\/wp-content\/uploads\/2016\/03\/zaga5.jpg 280w\" sizes=\"(max-width: 131px) 100vw, 131px\" \/><\/a>\n\t\t\t<\/div><\/figure><figure class='gallery-item'>\n\t\t\t<div class='gallery-icon portrait'>\n\t\t\t\t<a href='http:\/\/zavod-parnas.org\/w\/wp-content\/uploads\/2016\/03\/zaga6.jpg' title=\"\" data-rl_title=\"\" class=\"rl-gallery-link\" data-rl_caption=\"\" data-rel=\"lightbox-gallery-1\"><img loading=\"lazy\" decoding=\"async\" width=\"147\" height=\"300\" src=\"http:\/\/zavod-parnas.org\/w\/wp-content\/uploads\/2016\/03\/zaga6-147x300.jpg\" class=\"attachment-medium size-medium\" alt=\"\" srcset=\"http:\/\/zavod-parnas.org\/w\/wp-content\/uploads\/2016\/03\/zaga6-147x300.jpg 147w, http:\/\/zavod-parnas.org\/w\/wp-content\/uploads\/2016\/03\/zaga6-252x514.jpg 252w, http:\/\/zavod-parnas.org\/w\/wp-content\/uploads\/2016\/03\/zaga6.jpg 314w\" sizes=\"(max-width: 147px) 100vw, 147px\" \/><\/a>\n\t\t\t<\/div><\/figure><figure class='gallery-item'>\n\t\t\t<div class='gallery-icon portrait'>\n\t\t\t\t<a href='http:\/\/zavod-parnas.org\/w\/wp-content\/uploads\/2016\/03\/zaga7.jpg' title=\"\" data-rl_title=\"\" class=\"rl-gallery-link\" data-rl_caption=\"\" data-rel=\"lightbox-gallery-1\"><img loading=\"lazy\" decoding=\"async\" width=\"136\" height=\"300\" src=\"http:\/\/zavod-parnas.org\/w\/wp-content\/uploads\/2016\/03\/zaga7-136x300.jpg\" class=\"attachment-medium size-medium\" alt=\"\" srcset=\"http:\/\/zavod-parnas.org\/w\/wp-content\/uploads\/2016\/03\/zaga7-136x300.jpg 136w, http:\/\/zavod-parnas.org\/w\/wp-content\/uploads\/2016\/03\/zaga7-252x556.jpg 252w, http:\/\/zavod-parnas.org\/w\/wp-content\/uploads\/2016\/03\/zaga7.jpg 290w\" sizes=\"(max-width: 136px) 100vw, 136px\" \/><\/a>\n\t\t\t<\/div><\/figure><figure class='gallery-item'>\n\t\t\t<div class='gallery-icon portrait'>\n\t\t\t\t<a href='http:\/\/zavod-parnas.org\/w\/wp-content\/uploads\/2016\/03\/zaga8.jpg' title=\"\" data-rl_title=\"\" class=\"rl-gallery-link\" data-rl_caption=\"\" data-rel=\"lightbox-gallery-1\"><img loading=\"lazy\" decoding=\"async\" width=\"144\" height=\"300\" src=\"http:\/\/zavod-parnas.org\/w\/wp-content\/uploads\/2016\/03\/zaga8-144x300.jpg\" class=\"attachment-medium size-medium\" alt=\"\" srcset=\"http:\/\/zavod-parnas.org\/w\/wp-content\/uploads\/2016\/03\/zaga8-144x300.jpg 144w, http:\/\/zavod-parnas.org\/w\/wp-content\/uploads\/2016\/03\/zaga8-252x525.jpg 252w, http:\/\/zavod-parnas.org\/w\/wp-content\/uploads\/2016\/03\/zaga8.jpg 307w\" sizes=\"(max-width: 144px) 100vw, 144px\" \/><\/a>\n\t\t\t<\/div><\/figure>\n\t\t<\/div>\n\n<p>&nbsp;<\/p>\n","protected":false},"excerpt":{"rendered":"<p>Zlo\u017eenka: TEMKOVA \u017dAGA\u00a0Trubarjeva doma\u010dija (2003) Izdal: Parnas, zavod za kulturo in turizem Velike La\u0161\u010de.\u00a0Sofinanciranje: Ministrstvo za kulturo (Varovanje ogro\u017eene kulturne [&hellip;]<\/p>\n","protected":false},"author":2,"featured_media":0,"parent":577,"menu_order":0,"comment_status":"closed","ping_status":"closed","template":"","meta":{"site-sidebar-layout":"default","site-content-layout":"","ast-site-content-layout":"default","site-content-style":"default","site-sidebar-style":"default","ast-global-header-display":"","ast-banner-title-visibility":"","ast-main-header-display":"","ast-hfb-above-header-display":"","ast-hfb-below-header-display":"","ast-hfb-mobile-header-display":"","site-post-title":"","ast-breadcrumbs-content":"","ast-featured-img":"","footer-sml-layout":"","theme-transparent-header-meta":"","adv-header-id-meta":"","stick-header-meta":"","header-above-stick-meta":"","header-main-stick-meta":"","header-below-stick-meta":"","astra-migrate-meta-layouts":"default","ast-page-background-enabled":"default","ast-page-background-meta":{"desktop":{"background-color":"var(--ast-global-color-5)","background-image":"","background-repeat":"repeat","background-position":"center center","background-size":"auto","background-attachment":"scroll","background-type":"","background-media":"","overlay-type":"","overlay-color":"","overlay-opacity":"","overlay-gradient":""},"tablet":{"background-color":"","background-image":"","background-repeat":"repeat","background-position":"center center","background-size":"auto","background-attachment":"scroll","background-type":"","background-media":"","overlay-type":"","overlay-color":"","overlay-opacity":"","overlay-gradient":""},"mobile":{"background-color":"","background-image":"","background-repeat":"repeat","background-position":"center center","background-size":"auto","background-attachment":"scroll","background-type":"","background-media":"","overlay-type":"","overlay-color":"","overlay-opacity":"","overlay-gradient":""}},"ast-content-background-meta":{"desktop":{"background-color":"var(--ast-global-color-4)","background-image":"","background-repeat":"repeat","background-position":"center center","background-size":"auto","background-attachment":"scroll","background-type":"","background-media":"","overlay-type":"","overlay-color":"","overlay-opacity":"","overlay-gradient":""},"tablet":{"background-color":"var(--ast-global-color-4)","background-image":"","background-repeat":"repeat","background-position":"center center","background-size":"auto","background-attachment":"scroll","background-type":"","background-media":"","overlay-type":"","overlay-color":"","overlay-opacity":"","overlay-gradient":""},"mobile":{"background-color":"var(--ast-global-color-4)","background-image":"","background-repeat":"repeat","background-position":"center center","background-size":"auto","background-attachment":"scroll","background-type":"","background-media":"","overlay-type":"","overlay-color":"","overlay-opacity":"","overlay-gradient":""}},"footnotes":""},"class_list":["post-580","page","type-page","status-publish","hentry"],"_links":{"self":[{"href":"http:\/\/zavod-parnas.org\/w\/wp-json\/wp\/v2\/pages\/580","targetHints":{"allow":["GET"]}}],"collection":[{"href":"http:\/\/zavod-parnas.org\/w\/wp-json\/wp\/v2\/pages"}],"about":[{"href":"http:\/\/zavod-parnas.org\/w\/wp-json\/wp\/v2\/types\/page"}],"author":[{"embeddable":true,"href":"http:\/\/zavod-parnas.org\/w\/wp-json\/wp\/v2\/users\/2"}],"replies":[{"embeddable":true,"href":"http:\/\/zavod-parnas.org\/w\/wp-json\/wp\/v2\/comments?post=580"}],"version-history":[{"count":7,"href":"http:\/\/zavod-parnas.org\/w\/wp-json\/wp\/v2\/pages\/580\/revisions"}],"predecessor-version":[{"id":5017,"href":"http:\/\/zavod-parnas.org\/w\/wp-json\/wp\/v2\/pages\/580\/revisions\/5017"}],"up":[{"embeddable":true,"href":"http:\/\/zavod-parnas.org\/w\/wp-json\/wp\/v2\/pages\/577"}],"wp:attachment":[{"href":"http:\/\/zavod-parnas.org\/w\/wp-json\/wp\/v2\/media?parent=580"}],"curies":[{"name":"wp","href":"https:\/\/api.w.org\/{rel}","templated":true}]}}